{"id":1039,"date":"2023-10-07T16:04:17","date_gmt":"2023-10-07T14:04:17","guid":{"rendered":"https:\/\/pit-kl.de\/?page_id=1039"},"modified":"2023-10-07T16:36:00","modified_gmt":"2023-10-07T14:36:00","slug":"datenschutz","status":"publish","type":"page","link":"https:\/\/pit-kl.de\/index.php\/datenschutz\/","title":{"rendered":"Datenschutz"},"content":{"rendered":"<p>[et_pb_section fb_built=&#8220;1&#8243; _builder_version=&#8220;4.21.2&#8243; _module_preset=&#8220;default&#8220; background_color=&#8220;#DE9043&#8243; custom_margin=&#8220;0px||0px||true|false&#8220; custom_padding=&#8220;0px||0px||true|false&#8220; hover_enabled=&#8220;0&#8243; border_radii=&#8220;off|||15px|15px&#8220; global_colors_info=&#8220;{}&#8220; sticky_enabled=&#8220;0&#8243;][et_pb_row _builder_version=&#8220;4.21.2&#8243; _module_preset=&#8220;default&#8220; background_color=&#8220;RGBA(255,255,255,0)&#8220; background_enable_image=&#8220;off&#8220; custom_margin=&#8220;0px||0px||true|false&#8220; custom_padding=&#8220;0px||0px||true|false&#8220; border_radii=&#8220;off|||35px|35px&#8220; global_colors_info=&#8220;{}&#8220;][et_pb_column type=&#8220;4_4&#8243; _builder_version=&#8220;4.21.2&#8243; _module_preset=&#8220;default&#8220; global_colors_info=&#8220;{}&#8220;][et_pb_text _builder_version=&#8220;4.21.2&#8243; _module_preset=&#8220;default&#8220; header_font=&#8220;||||||||&#8220; header_text_align=&#8220;left&#8220; header_text_color=&#8220;#FFFFFF&#8220; custom_margin=&#8220;||||false|false&#8220; custom_padding=&#8220;180px||25px||false|false&#8220; custom_padding_tablet=&#8220;250px||||false|false&#8220; custom_padding_phone=&#8220;170px||25px||false|false&#8220; custom_padding_last_edited=&#8220;on|tablet&#8220; hover_enabled=&#8220;0&#8243; header_text_align_tablet=&#8220;left&#8220; header_text_align_phone=&#8220;center&#8220; header_text_align_last_edited=&#8220;on|phone&#8220; header_font_size_tablet=&#8220;61px&#8220; header_font_size_phone=&#8220;22px&#8220; header_font_size_last_edited=&#8220;on|tablet&#8220; global_colors_info=&#8220;{}&#8220; sticky_enabled=&#8220;0&#8243;]<\/p>\n<h1>Datenschutzerkl\u00e4rung<\/h1>\n<p>[\/et_pb_text][\/et_pb_column][\/et_pb_row][\/et_pb_section][et_pb_section fb_built=&#8220;1&#8243; _builder_version=&#8220;4.21.2&#8243; _module_preset=&#8220;default&#8220; custom_padding=&#8220;2px|||||&#8220; global_colors_info=&#8220;{}&#8220;][et_pb_row _builder_version=&#8220;4.21.2&#8243; _module_preset=&#8220;default&#8220; global_colors_info=&#8220;{}&#8220;][et_pb_column type=&#8220;4_4&#8243; _builder_version=&#8220;4.21.2&#8243; _module_preset=&#8220;default&#8220; global_colors_info=&#8220;{}&#8220;][et_pb_text _builder_version=&#8220;4.21.2&#8243; _module_preset=&#8220;default&#8220; global_colors_info=&#8220;{}&#8220;]<\/p>\n<p>Wir freuen uns \u00fcber Ihren Besuch auf unserer Webseite https:\/\/pit-kl.de\/ und Ihr Interesse an unserem Unternehmen und unseren Angeboten. F\u00fcr externe Links zu fremden Inhalten \u00fcbernehmen wir trotz sorgf\u00e4ltiger inhaltlicher Kontrolle keine Haftung, da wir die \u00dcbermittlung dieser Information nicht veranlasst, den Adressaten der \u00fcbermittelten Information und die \u00fcbermittelten Informationen selbst nicht ausgew\u00e4hlt oder ver\u00e4ndert haben.<\/p>\n<p>Der Schutz Ihrer personenbezogenen Daten bei der Erhebung, Verarbeitung und Nutzung anl\u00e4sslich Ihres Besuchs auf unseren Internetseiten ist uns ein wichtiges Anliegen und erfolgt im Rahmen der gesetzlichen Vorschriften, \u00fcber die Sie sich z.B. unter www.bfd.bund.de informieren k\u00f6nnen.<\/p>\n<p>Im Folgenden erl\u00e4utern wir Ihnen, welche Informationen wir w\u00e4hrend Ihres Besuchs auf unseren Webseiten erfassen und wie diese genutzt werden:<\/p>\n<h3>1. Erhebung und Speicherung personenbezogener Daten sowie Art und Zweck von deren Verwendung<\/h3>\n<p>a) Beim Besuch der Webseite<\/p>\n<p>Bei jedem Zugriff eines Kunden (oder sonstigen Besuchers) auf unserer Webseite werden durch den auf Ihrem Endger\u00e4t (Computer, Laptop, Tablet, Smartphone, etc.) zum Einsatz kommenden Internet-Browser automatisch Informationen an den Server unserer Webseite gesendet. Diese Informationen werden tempor\u00e4r in einem sog. Logfile (Protokolldatei) gespeichert.<\/p>\n<p>Folgende Daten werden dabei ohne Ihr Zutun erfasst und bis zur automatisierten L\u00f6schung gespeichert:<\/p>\n<ul>\n<li>IP-Adresse des anfragenden Rechners, sowie Ger\u00e4te-ID oder individuelle Ger\u00e4te-Kennung und Ger\u00e4tetyp,<\/li>\n<li>Name der abgerufenen Datei und \u00fcbertragene Datenmenge, sowie Datum und Uhrzeit des Abrufs,<\/li>\n<li>Meldung \u00fcber erfolgreichen Abruf,<\/li>\n<li>anfragende Domain,<\/li>\n<li>Beschreibung des Typs des verwendeten Internet-Browsers und ggf. des Betriebssystems Ihres Endger\u00e4ts sowie der Name Ihres Access-Providers,<\/li>\n<li>Ihre Browser-Verlaufsdaten sowie Ihre standardm\u00e4\u00dfigen Weblog-Informationen,<\/li>\n<li>Standortdaten, einschlie\u00dflich Standortdaten von Ihrem Mobilger\u00e4t. Bitte beachten Sie, dass Sie bei den meisten Mobilger\u00e4ten die Verwendung von Standortservices im Einstellungsmen\u00fc des Mobilger\u00e4ts steuern oder deaktivieren k\u00f6nnen.<\/li>\n<\/ul>\n<p>Unser berechtigtes Interesse gem. Art.\u00a06 Abs.\u00a01 S.\u00a01 lit.\u00a0f DSGVO zur Erhebung der Daten beruht auf den folgenden Zwecken: Gew\u00e4hrleistung eines reibungslosen Verbindungsaufbaus und einer komfortablen Nutzung der Webseite, Auswertung der Systemsicherheit und -stabilit\u00e4t sowie zu weiteren administrativen Zwecken.<\/p>\n<p>In keinem Fall verwenden wir die erhobenen Daten zu dem Zweck, R\u00fcckschl\u00fcsse auf Ihre Person zu ziehen.<\/p>\n<p>b) Bei Nutzung unseres Kontaktformulars<\/p>\n<p>Bei Fragen jeglicher Art bieten wir Ihnen die M\u00f6glichkeit, mit uns \u00fcber ein auf der Webseite bereitgestelltes Formular Kontakt aufzunehmen. Dabei sind mindestens die folgenden Angaben erforderlich: , damit wir wissen, von wem die Anfrage stammt und um diese beantworten zu k\u00f6nnen. Weitere Angaben k\u00f6nnen freiwillig get\u00e4tigt werden.<br \/>Die Datenverarbeitung zum Zwecke der Kontaktaufnahme mit uns erfolgt gem. Art.\u00a06 Abs.\u00a01 S.\u00a01 lit.\u00a0a DSGVO auf Grundlage Ihrer freiwillig erteilten Einwilligung.<br \/>Die f\u00fcr die Benutzung des Kontaktformulars von uns erhobenen personenbezogenen Daten werden nach Erledigung der von Ihnen gestellten Anfrage automatisch gel\u00f6scht.<\/p>\n<p>c) Bei Abschluss eines Vertragsverh\u00e4ltnisses<\/p>\n<p>Bei Abschluss eines Vertragsverh\u00e4ltnisses auf unserer Webseite bitten wir Sie um die Angaben folgender personenbezogener Daten:<\/p>\n<p>&#8211; weitere personenbezogene Daten, zu deren Erfassung und Verarbeitung wir gesetzlich verpflichtet oder berechtigt sind und die wir f\u00fcr Ihre Authentifizierung, Identifizierung oder zur \u00dcberpr\u00fcfung der von uns erhobenen Daten ben\u00f6tigen.<\/p>\n<p>Die genannten Daten werden zur Abwicklung des Vertragsverh\u00e4ltnisses verarbeitet. Die Verarbeitung der Daten erfolgt aufgrund von Art. 6 Abs. 1 lit. b DSGVO. Die Speicherfrist ist auf den Vertragszweck und, sofern vorhanden, gesetzliche und vertragliche Aufbewahrungspflichten beschr\u00e4nkt.<\/p>\n<h3>2. Weitergabe von personenbezogenen Daten<\/h3>\n<p>Eine \u00dcbermittlung Ihrer Daten an Dritte zu anderen als den im Folgenden aufgef\u00fchrten Zwecken findet nicht statt.<\/p>\n<p>Wir geben Ihre Daten nur an Dritte weiter, wenn:<\/p>\n<ul>\n<li>Sie eine ausdr\u00fcckliche Einwilligung dazu erteilt haben nach (Art. 6 Abs. 1 S. 1 lit. a DSGVO),<\/li>\n<li>dies f\u00fcr die Abwicklung von Vertragsverh\u00e4ltnissen mit Ihnen erforderlich ist (Art. 6 Abs. 1 lit. b DSGVO),<\/li>\n<li>eine gesetzliche Verpflichtung zur Weitergabe besteht (Art.6 Abs.1 lit. c DSGVO),<\/li>\n<li>die Weitergabe zur Geltendmachung, Aus\u00fcbung oder Verteidigung von Rechtsanspr\u00fcchen erforderlich ist und kein Grund zur Annahme besteht, dass Sie ein \u00fcberwiegendes schutzw\u00fcrdiges Interesse an der Nichtweitergabe Ihrer Daten haben (Art. 6 Abs. 1 S. 1 lit. f DSGVO).<\/li>\n<\/ul>\n<p>In diesen F\u00e4llen beschr\u00e4nkt sich der Umfang der \u00fcbermittelten Daten jedoch nur auf das erforderliche Minimum.<\/p>\n<p>Unsere Datenschutzbestimmungen stehen im Einklang mit den geltenden datenschutzrechtlichen Bestimmungen und die Daten werden nur in der Bundesrepublik Deutschland \/ Europ\u00e4ischen Union verarbeitet. Eine \u00dcbermittlung in Drittl\u00e4nder findet nicht statt und ist nicht beabsichtigt.<\/p>\n<h3>3. Betroffenenrechte<\/h3>\n<p>Auf Anfrage werden wir Sie gern informieren, ob und welche personenbezogenen Daten zu Ihrer Person gespeichert sind (Art.\u00a015 DSGVO), insbesondere \u00fcber die Verarbeitungszwecke, die Kategorie der personenbezogenen Daten, die Kategorien von Empf\u00e4ngern, gegen\u00fcber denen Ihre Daten offengelegt wurden oder werden, die geplante Speicherdauer, das Bestehen eines Rechts auf Berichtigung, L\u00f6schung, Einschr\u00e4nkung der Verarbeitung oder Widerspruch, das Bestehen eines Beschwerderechts, die Herkunft ihrer Daten, sofern diese nicht bei uns erhoben wurden, sowie \u00fcber das Bestehen einer automatisierten Entscheidungsfindung einschlie\u00dflich Profiling.<\/p>\n<p>Ihnen steht zudem das Recht zu, etwaig unrichtig erhobene personenbezogene Daten berichtigen oder unvollst\u00e4ndig erhobene Daten vervollst\u00e4ndigen zu lassen (Art.\u00a016 DSGVO).<\/p>\n<p>Ferner haben Sie das Recht, von uns die Einschr\u00e4nkung der Verarbeitung Ihrer Daten zu verlangen, sofern die gesetzlichen Voraussetzungen hierf\u00fcr vorliegen (Art.\u00a018 DSGVO).<\/p>\n<p>Sie haben das Recht, die Sie betreffenden personenbezogenen Daten in einem strukturierten, g\u00e4ngigen und maschinenlesbaren Format zu erhalten oder die \u00dcbermittlung an einen anderen Verantwortlichen zu verlangen (Art.\u00a020 DSGVO).<\/p>\n<p>Dar\u00fcber hinaus steht Ihnen das sogenannte \u201eRecht auf Vergessenwerden\u201c zu, d.h. Sie k\u00f6nnen von uns die L\u00f6schung Ihrer personenbezogenen Daten verlangen, sofern hierf\u00fcr die gesetzlichen Voraussetzungen vorliegen (Art.\u00a017 DSGVO).<\/p>\n<p>Unabh\u00e4ngig davon werden Ihre personenbezogenen Daten automatisch von uns gel\u00f6scht, wenn der Zweck der Datenerhebung weggefallen oder die Datenverarbeitung unrechtm\u00e4\u00dfig erfolgt ist.<\/p>\n<p>Gem\u00e4\u00df Art.\u00a07 Abs.\u00a03 DSGVO haben Sie das Recht Ihre einmal erteilte Einwilligung jederzeit gegen\u00fcber uns zu widerrufen. Dies hat zur Folge, dass wir die Datenverarbeitung, die auf dieser Einwilligung beruhte, f\u00fcr die Zukunft nicht mehr fortf\u00fchren d\u00fcrfen.<\/p>\n<p>Sie haben zudem das Recht, jederzeit gegen die Verarbeitung Ihrer personenbezogenen Daten Widerspruch zu erheben, sofern ein Widerspruchsrecht gesetzlich vorgesehen ist. Im Falle eines wirksamen Widerrufs werden Ihre personenbezogenen Daten ebenfalls automatisch durch uns gel\u00f6scht (Art.\u00a021 DSGVO).<\/p>\n<p>M\u00f6chten Sie von Ihrem Widerrufs- oder Widerspruchsrecht Gebrauch machen, gen\u00fcgt eine E-Mail an: info@pit-kl.de.<\/p>\n<p>Bei Verst\u00f6\u00dfen gegen die datenschutzrechtlichen Vorschriften haben Sie gem. Art.\u00a077 DSGVO die M\u00f6glichkeit, Beschwerde bei einer Aufsichtsbeh\u00f6rde zu erheben.<\/p>\n<h3>4. Dauer der Datenspeicherung<\/h3>\n<p>Die erhobenen Daten werden solange bei uns gespeichert, wie dies f\u00fcr die Durchf\u00fchrung der mit uns eingegangen Vertr\u00e4ge erforderlich ist oder Sie Ihr Recht auf L\u00f6schung oder Ihr Recht auf Daten\u00fcbertragung auf ein anderes Unternehmen nicht ausge\u00fcbt haben.<\/p>\n<h3>5. Cookies<\/h3>\n<p>Wir setzen auf unserer Webseite Cookies ein. Hierbei handelt es sich um kleine Text-Dateien, die Ihr Browser automatisch erstellt und die auf Ihrem Endger\u00e4t gespeichert werden, wenn Sie unsere Webseite besuchen. In dem Cookie werden Informationen abgelegt, die sich jeweils im Zusammenhang mit dem spezifisch eingesetzten Endger\u00e4t ergeben. Dies bedeutet jedoch nicht, dass wir unmittelbar Kenntnis von Ihrer Identit\u00e4t erhalten. Diese Cookies sind werden als sog. First-Party-Cookies (\u201ceigene Cookies\u201d) oder Third-Party-Cookies (\u201cDrittanbietercookies\u201d) gesetzt. First-Party-Cookies werden durch die Webseite gesetzt, auf der Sie sich gerade befinden und werden von Browsern nicht domain\u00fcbergreifend zug\u00e4nglich gemacht. Ein Third-Party-Cookie hingegen wird durch einen Dritten gesetzt, also nicht durch die eigentliche Webseite, auf der Sie sich gerade befinden. Die Cookies werden dar\u00fcber hinaus in technisch notwendige und technisch nicht notwendige Cookies unterschieden. Auf unserer Webseite werden sowohl technisch notwendige Cookies als auch technisch nicht notwendige Cookies nach Ma\u00dfgabe der folgenden Abs\u00e4tze gesetzt.<\/p>\n<p>Technisch notwendige Cookies sind f\u00fcr den Betrieb unserer Webseite zwingend erforderlich und f\u00fchren z.B. dazu, dass Ihnen bestimmte Funktionen \u00fcberhaupt erst erm\u00f6glicht werden. Diese technisch notwendigen Cookies, die nur f\u00fcr die einzelne notwendige Online-Sitzung ben\u00f6tigt und gesetzt werden, werden nach Verlassen unserer Webseite automatisch gel\u00f6scht.<\/p>\n<p>Bei der Bereitstellung unseres Internetangebots werden Java-Applets und Java-Script verwendet. Falls Sie sich aus Sicherheitsgr\u00fcnden diese Hilfsprogramme bzw. aktiven Inhalte nicht nutzbar machen wollen, sollten Sie die entsprechende Einstellung Ihres Browsers deaktivieren.<\/p>\n<h3>6. Online-Marketing\/ Analyse-Tools<\/h3>\n<p>keine<\/p>\n<p>Instagram<\/p>\n<p>Auf unserer Webseite sind Plugins des sozialen Netzwerks Instagram (Meta Platforms Ireland Limited, 4 Grand Canal Square, Dublin 2, Irland) integriert. Das Instagram Plugin erkennen Sie an dem \u201cInstagram-Button\u201d auf unserer Webseite. Wenn Sie den Instagram-Button anklicken w\u00e4hrend Sie im Instagram-Account eingeloggt sind, k\u00f6nnen Sie die Inhalte unserer Webseiten auf Ihrem Instagram-Profil verlinken. Dadurch kann Instagram den Besuch unserer Seiten Ihrem Benutzerkonto zuordnen.<\/p>\n<p>Wir weisen darauf hin, dass wir als Anbieter unserer Webseite keine Kenntnis vom Inhalt der \u00fcbermittelten Daten sowie deren Nutzung durch Instagram erhalten. Weitere Informationen zur Datenschutzerkl\u00e4rung von Instagram erhalten Sie unter http:\/\/instagram.com\/about\/legal\/privacy\/.<\/p>\n<h3>Datensicherheit<\/h3>\n<p>Wir sind um alle notwendigen technischen und organisatorischen Sicherheitsma\u00dfnahmen bem\u00fcht, um Ihre personenbezogenen Daten so zu speichern, dass sie weder Dritten noch der \u00d6ffentlichkeit zug\u00e4nglich sind. Sollten Sie mit uns per E-Mail in Kontakt treten wollen, so weisen wir Sie darauf hin, dass bei diesem Kommunikationsweg die Vertraulichkeit der \u00fcbermittelten Informationen nicht vollst\u00e4ndig gew\u00e4hrleistet werden kann. Wir empfehlen Ihnen daher, uns vertrauliche Informationen ausschlie\u00dflich \u00fcber den Postweg zukommen zu lassen.<\/p>\n<h3>Aktualit\u00e4t und \u00c4nderung dieser Datenschutzerkl\u00e4rung<\/h3>\n<p>Diese Datenschutzerkl\u00e4rung ist aktuell g\u00fcltig.<\/p>\n<p>Durch die Weiterentwicklung unserer Webseite und Angebote dar\u00fcber oder aufgrund ge\u00e4nderter gesetzlicher beziehungsweise beh\u00f6rdlicher Vorgaben kann es notwendig werden, diese Datenschutzerkl\u00e4rung zu \u00e4ndern. Die jeweils aktuelle Datenschutzerkl\u00e4rung kann jederzeit auf der Webseite unter https:\/\/pit-kl.de\/index.php\/datenschutz\/ von Ihnen abgerufen und ausgedruckt werden.<\/p>\n<p>Name und Kontaktdaten des f\u00fcr die Verarbeitung Verantwortlichen<\/p>\n<p>Diese Datenschutz-Information gilt f\u00fcr die Datenverarbeitung durch:<\/p>\n<p>Michelle Hamm | Pfaffenbergstra\u00dfe 95, 67663 Kaiserslautern | 0631 \/ 205 \u2013 2026 | info@pit-kl.de<\/p>\n<p>[\/et_pb_text][\/et_pb_column][\/et_pb_row][\/et_pb_section]<\/p>\n","protected":false},"excerpt":{"rendered":"<p>Datenschutzerkl\u00e4rungWir freuen uns \u00fcber Ihren Besuch auf unserer Webseite https:\/\/pit-kl.de\/ und Ihr Interesse an unserem Unternehmen und unseren Angeboten. F\u00fcr externe Links zu fremden Inhalten \u00fcbernehmen wir trotz sorgf\u00e4ltiger inhaltlicher Kontrolle keine Haftung, da wir die \u00dcbermittlung dieser Information nicht veranlasst, den Adressaten der \u00fcbermittelten Information und die \u00fcbermittelten Informationen selbst nicht ausgew\u00e4hlt oder ver\u00e4ndert [&hellip;]<\/p>\n","protected":false},"author":1,"featured_media":0,"parent":0,"menu_order":0,"comment_status":"closed","ping_status":"closed","template":"","meta":{"_et_pb_use_builder":"on","_et_pb_old_content":"<!-- wp:divi\/placeholder \/-->","_et_gb_content_width":"","footnotes":""},"class_list":["post-1039","page","type-page","status-publish","hentry"],"_links":{"self":[{"href":"https:\/\/pit-kl.de\/index.php\/wp-json\/wp\/v2\/pages\/1039","targetHints":{"allow":["GET"]}}],"collection":[{"href":"https:\/\/pit-kl.de\/index.php\/wp-json\/wp\/v2\/pages"}],"about":[{"href":"https:\/\/pit-kl.de\/index.php\/wp-json\/wp\/v2\/types\/page"}],"author":[{"embeddable":true,"href":"https:\/\/pit-kl.de\/index.php\/wp-json\/wp\/v2\/users\/1"}],"replies":[{"embeddable":true,"href":"https:\/\/pit-kl.de\/index.php\/wp-json\/wp\/v2\/comments?post=1039"}],"version-history":[{"count":9,"href":"https:\/\/pit-kl.de\/index.php\/wp-json\/wp\/v2\/pages\/1039\/revisions"}],"predecessor-version":[{"id":1070,"href":"https:\/\/pit-kl.de\/index.php\/wp-json\/wp\/v2\/pages\/1039\/revisions\/1070"}],"wp:attachment":[{"href":"https:\/\/pit-kl.de\/index.php\/wp-json\/wp\/v2\/media?parent=1039"}],"curies":[{"name":"wp","href":"https:\/\/api.w.org\/{rel}","templated":true}]}}